ainder when 347312939 is divided by 54?
5
Calculate the remainder when 8418567 is divided by 34.
31
What is the remainder when 204117615 is divided by 3337?
3336
Calculate the remainder when 13765384 is divided by 28.
24
What is the remainder when 75045 is divided by 4993?
150
Calculate the remainder when 813041 is divided by 45168.
17
Calculate the remainder when 3644094 is divided by 1184.
926
What is the remainder when 69844 is divided by 12?
4
What is the remainder when 132921605 is divided by 332304?
5
What is the remainder when 892994 is divided by 1351?
1334
What is the remainder when 555790 is divided by 1203?
4
Calculate the remainder when 71375077 is divided by 56.
53
Calculate the remainder when 8821277 is divided by 55.
47
Calculate the remainder when 12952304 is divided by 1850329.
1
Calculate the remainder when 4049330 is divided by 3268.
278
What is the remainder when 260132 is divided by 582?
560
What is the remainder when 506859 is divided by 22986?
1167
Calculate the remainder when 10309691 is divided by 57596.
7
What is the remainder when 224849870 is divided by 104?
102
What is the remainder when 7363 is divided by 104?
83
What is the remainder when 1507175 is divided by 207?
8
What is the remainder when 30706 is divided by 1176?
130
Calculate the remainder when 29528 is divided by 29504.
24
What is the remainder when 41087 is divided by 1016?
447
Calculate the remainder when 3421089 is divided by 1326.
9
What is the remainder when 17801609 is divided by 1157?
7
Calculate the remainder when 318311 is divided by 26524.
23
Calculate the remainder when 1184411 is divided by 3772.
3
What is the remainder when 131469 is divided by 3556?
3453
What is the remainder when 20463560 is divided by 134?
18
What is the remainder when 53924138 is divided by 79?
2
Calculate the remainder when 1569701 is divided by 2044.
1953
What is the remainder when 118281608 is divided by 59140791?
26
What is the remainder when 22887930 is divided by 315?
30
Calculate the remainder when 34764141 is divided by 307647.
30
What is the remainder when 5903546 is divided by 492?
38
What is the remainder when 61126 is divided by 2945?
2226
Calculate the remainder when 22484160 is divided by 1597.
1594
Calculate the remainder when 106820 is divided by 1570.
60
Calculate the remainder when 120190197 is divided by 60.
57
What is the remainder when 161074951 is divided by 294?
289
Calculate the remainder when 77606 is divided by 25637.
695
What is the remainder when 4231566 is divided by 133?
38
Calculate the remainder when 352059 is divided by 31.
23
Calculate the remainder when 360846 is divided by 89996.
862
What is the remainder when 1033408 is divided by 4268?
552
What is the remainder when 54435 is divided by 1654?
1507
Calculate the remainder when 197366 is divided by 49229.
450
What is the remainder when 322324 is divided by 846?
844
Calculate the remainder when 2995787 is divided by 599156.
7
Calculate the remainder when 14615094 is divided by 28.
18
What is the remainder when 74433879 is divided by 2448?
2439
Calculate the remainder when 846279 is divided by 211553.
67
Calculate the remainder when 3665023 is divided by 3284.
79
What is the remainder when 245206 is divided by 2426?
180
Calculate the remainder when 517717 is divided by 2477.
24
What is the remainder when 1157800 is divided by 77?
28
Calculate the remainder when 209940555 is divided by 1943894.
3
What is the remainder when 282551 is divided by 25648?
423
Calculate the remainder when 9630000 is divided by 16050.
0
Calculate the remainder when 1375564 is divided by 301.
295
What is the remainder when 474268 is divided by 49?
46
What is the remainder when 110578793 is divided by 50?
43
Calculate the remainder when 1520604 is divided by 491.
468
Calculate the remainder when 4917069 is divided by 819454.
345
What is the remainder when 492177 is divided by 121029?
8061
What is the remainder when 200218 is divided by 11777?
9
What is the remainder when 11605276 is divided by 635?
16
What is the remainder when 36526242 is divided by 699?
696
What is the remainder when 39537782 is divided by 4199?
4197
Calculate the remainder when 930046 is divided by 48946.
72
What is the remainder when 897116 is divided by 898?
14
What is the remainder when 2166344 is divided by 15929?
0
What is the remainder when 215679 is divided by 2319?
12
What is the remainder when 70053441 is divided by 4892?
1
What is the remainder when 12412384 is divided by 3148?
2968
What is the remainder when 1676585 is divided by 25793?
40
What is the remainder when 30451293 is divided by 179?
171
Calculate the remainder when 17279506 is divided by 696.
610
What is the remainder when 159124 is divided by 865?
829
Calculate the remainder when 1068695 is divided by 394.
167
Calculate the remainder when 73140 is divided by 22906.
4422
Calculate the remainder when 25045122 is divided by 1391395.
12
Calculate the remainder when 34805 is divided by 17367.
71
Calculate the remainder when 12266164 is divided by 537.
10
What is the remainder when 87680315 is divided by 971?
957
Calculate the remainder when 237692 is divided by 237685.
7
Calculate the remainder when 163807 is divided by 796.
627
Calculate the remainder when 394064905 is divided by 93.
4
Calculate the remainder when 3570176 is divided by 396682.
38
What is the remainder when 5784817 is divided by 75?
67
What is the remainder when 15383242 is divided by 5?
2
Calculate the remainder when 102520 is divided by 102469.
51
Calculate the remainder when 63284 is divided by 703.
14
What is the remainder when 31113 is divided by 1911?
537
What is the remainder when 64018755 is divided by 512?
323
Calculate the remainder when 1081014 is divided by 179979.
1140
What is the remainder when 791315 is divided by 788876?
2439
Calculate the remainder when 1350058071 is divided by 3454.
3453
Calculate the remainder when 2237 is divided by 225.
212
What is the remainder when 61642 is divided by 61108?
534
Calculate the remainder when 399846 is divided by 79911.
291
What is the remainder when 1768197 is divided by 442048?
5
What is the remainder when 205218 is divided by 2183?
16
Calculate the remainder when 10680791 is divided by 383.
70
What is the remainder when 112835 is divided by 54532?
3771
What is the remainder when 63860 is divided by 737?
478
What is the remainder when 2731348 is divided by 727?
9
What is the remainder when 1455631 is divided by 16?
15
Calculate the remainder when 30885 is divided by 422.
79
Calculate the remainder when 9185746 is divided by 196.
10
What is the remainder when 203805933 is divided by 36?
33
What is the remainder when 28533 is divided by 28206?
327
What is the remainder when 286570 is divided by 11938?
58
Calculate the remainder when 867486 is divided by 10579.
8
What is the remainder when 2977910 is divided by 496318?
2
What is the remainder when 53148770 is divided by 689?
688
What is the remainder when 5820384 is divided by 118783?
17
What is the remainder when 704569 is divided by 7189?
47
Calculate the remainder when 451136 is divided by 4410.
1316
What is the remainder when 1672614 is divided by 9344?
38
What is the remainder when 295295 is divided by 2094?
41
Calculate the remainder when 106475 is divided by 4428.
203
Calculate the remainder when 119919 is divided by 436.
19
Calculate the remainder when 136889032 is divided by 68444513.
6
Calculate the remainder when 14788532 is divided by 591541.
7
What is the remainder when 1799283 is divided by 67?
65
What is the remainder when 1369470 is divided by 48?
30
What is the remainder when 11026397 is divided by 731?
724
What is the remainder when 28429936 is divided by 53?
47
Calculate the remainder when 8684039 is divided by 1681.
1674
What is the remainder when 56623 is divided by 26?
21
What is the remainder when 862082 is divided by 615?
467
Calculate the remainder when 262598865 is divided by 6.
3
Calculate the remainder when 123034 is divided by 1808.
90
What is the remainder when 9482832 is divided by 77096?
24
Calculate the remainder when 1278578 is divided by 319642.
10
What is the remainder when 7501682 is divided by 16?
2
What is the remainder when 770634 is divided by 8771?
7557
What is t